921
In base 11, what is 5 - -1?
6
In base 6, what is 315 - -204?
523
In base 9, what is 2107 - 2?
2105
In base 16, what is 9 - 65?
-5c
In base 12, what is -4a + 0?
-4a
In base 7, what is 5 - -15645?
15653
In base 14, what is 4 - -26?
2a
In base 15, what is -5 + 61?
5b
In base 5, what is 2 - -14314?
14321
In base 11, what is -2a - 35?
-64
In base 7, what is 3 - -152?
155
In base 11, what is a - -28?
37
In base 9, what is 817 - 5?
812
In base 14, what is d3 - -c?
101
In base 5, what is -10 - 2423?
-2433
In base 15, what is -13 - -7c?
69
In base 9, what is 3 - -10?
13
In base 4, what is -11333 + -212?
-12211
In base 5, what is 1 - -4223?
4224
In base 6, what is 1104 - -45?
1153
In base 7, what is 144 - -5?
152
In base 12, what is 0 + 0?
0
In base 4, what is 2 + -12001?
-11333
In base 13, what is 4 + 61?
65
In base 8, what is -4 + 111?
105
In base 3, what is -1022220 - 1?
-1022221
In base 14, what is 77 + -5?
72
In base 12, what is -15b1 + -a?
-15bb
In base 15, what is -27 - 31?
-58
In base 9, what is 10107 + 5?
10113
In base 4, what is -12000 + -3?
-12003
In base 6, what is 10 + -32?
-22
In base 10, what is -5 + 83?
78
In base 15, what is 99 + 2?
9b
In base 4, what is 131320 + -11?
131303
In base 15, what is 0 + -3c?
-3c
In base 10, what is -5 + -43?
-48
In base 6, what is -21 - 5?
-30
In base 9, what is 2 + -47?
-45
In base 9, what is 1 - -152?
153
In base 13, what is 7 - b?
-4
In base 5, what is 31034 - -3?
31042
In base 11, what is 8 - -22?
2a
In base 16, what is 12 - 6?
c
In base 6, what is -4 - 1?
-5
In base 10, what is -4122 + 3?
-4119
In base 8, what is -2 + -745?
-747
In base 9, what is -5 + 776?
771
In base 16, what is 0 + 41?
41
In base 2, what is -101101 - -10100?
-11001
In base 7, what is 140 - -43?
213
In base 14, what is -21c - 9?
-227
In base 3, what is -111 - -201?
20
In base 8, what is 102 - 7?
73
In base 14, what is 2 - 118?
-116
In base 2, what is -10 + -1111011?
-1111101
In base 13, what is 47 + 1c3?
23a
In base 4, what is -20 - -120303?
120223
In base 15, what is -1 + -234?
-235
In base 11, what is -5 + -190?
-195
In base 13, what is -166 + 85?
-b1
In base 8, what is -43 - -1030?
765
In base 4, what is 33 + 1110?
1203
In base 3, what is 120 - 122?
-2
In base 13, what is -875 + -5?
-87a
In base 3, what is -11 - 2121?
-2202
In base 15, what is 1d2 + 0?
1d2
In base 7, what is -36 - -24?
-12
In base 6, what is 10 + -2000?
-1550
In base 13, what is 2 - 1c2?
-1c0
In base 6, what is 515 - -1?
520
In base 16, what is -25 + 3?
-22
In base 8, what is -42 - -5?
-35
In base 6, what is -110 - 12?
-122
In base 3, what is 11 - -112020?
112101
In base 6, what is -210442 + -2?
-210444
In base 13, what is 18a - -5?
192
In base 4, what is -1100 + -1100?
-2200
In base 11, what is -a087 + 0?
-a087
In base 12, what is 1b7 + 4?
1bb
In base 12, what is 5 + 9?
12
In base 3, what is 0 + 22110121?
22110121
In base 12, what is -3 - 269?
-270
In base 15, what is 4 + -5b?
-57
In base 3, what is -1 - 11000001?
-11000002
In base 6, what is 24314 - -4?
24322
In base 11, what is 92 + 0?
92
In base 2, what is -110101001011 - -10?
-110101001001
In base 9, what is -545 - 0?
-545
In base 12, what is -a3 + -65?
-148
In base 7, what is -2 + 140?
135
In base 10, what is -4 - -112?
108
In base 7, what is -134 + 141?
4
In base 12, what is a + -28?
-1a
In base 2, what is -10 + 100111111?
100111101
In base 12, what is 69 + 5?
72
In base 3, what is 122201200 + -10?
122201120
In base 11, what is 1 - 8?
-7
In base 9, what is 323 + 1?
324
In base 3, what is -1 - -221?
220
In base 14, what is 22 - -14?
36
In base 13, what is 4 - -178b?
1792
In base 10, what is -950 - -4?
-946
In base 7, what is 163 - -5?
201
In base 2, what is 1010 - 10?
1000
In base 16, what is 46 + -9?
3d
In base 14, what is -d - 570?
-57d
In base 9, what is 14 + -23?
-8
In base 9, what is -487 - -5?
-482
In base 16, what is 5 + -aa?
-a5
In base 4, what is -1001 + -3003?
-10010
In base 16, what is 62 - 3?
5f
In base 11, what is -49 + -27?
-75
In base 5, what is -13442 - 0?
-13442
In base 12, what is 21 - -1?
22
In base 15, what is -968 - -8?
-960
In base 9, what is -3 - 553?
-556
In base 5, what is -1 - -1412?
1411
In base 12, what is -129 + -5?
-132
In base 4, what is -22300 + -1?
-22301
In base 4, what is 3 + -132?
-123
In base 15, what is 4b + -3?
48
In base 7, what is 24 + -1320?
-1263
In base 6, what is 41 + -155?
-114
In base 3, what is 22211020 + -1?
22211012
In base 12, what is 0 + b5?
b5
In base 4, what is 22112 - 100?
22012
In base 15, what is -18 - -96?
7d
In base 11, what is -5 - -1166?
1161
In base 14, what is 33 + 1?
34
In base 13, what is 20b - 2?
209
In base 3, what is 12 + -121112?
-121100
In base 8, what is -10 + -161?
-171
In base 13, what is -8b4 + 17?
-89a
In base 8, what is -11 - -146?
135
In base 2, what is -1 + 1000?
111
In base 13, what is 5 - -49?
51
In base 14, what is 1 + 39?
3a
In base 15, what is -5 - 63?
-68
In base 3, what is -12 + -2201?
-2220
In base 10, what is -4 + 157?
153
In base 9, what is 18483 + -2?
18481
In base 11, what is -8 + 120?
113
In base 14, what is 143 - 5?
13c
In base 16, what is 23 - 0?
23
In base 16, what is -1 - -15?
14
In base 3, what is 12 + -10220021?
-10220002
In base 11, what is -18 + -48?
-65
In base 6, what is -43 - 50?
-133
In base 4, what is 2 - -3332?
10000
In base 16, what is -1f - 0?
-1f
In base 10, what is -2 - 26?
-28
In base 6, what is -3 - -521?
514
In base 9, what is 3145 - 4?
3141
In base 2, what is -101011 + 101?
-100110
In base 9, what is 3 + 166?
170
In base 15, what is 0 + -18?
-18
In base 10, what is -1 + 25?
24
In base 7, what is 326 + 3?
332
In base 4, what is 3 - 2212?
-2203
In base 9, what is -5 + -281?
-286
In base 8, what is 110 + -3?
105
In base 9, what is -333 - 0?
-333
In base 16, what is 3 + 264?
267
In base 12, what is 45b1 + 3?
45b4
In base 16, what is 2 + ac?
ae
In base 11, what is -6 - 824?
-82a
In base 6, what is 3 - 4213?
-4210
In base 14, what is 94 - -3?
97
In base 16, what is 142 - -5?
147
In base 9, what is -53 - 5?
-58
In base 6, what is -5 + 4024?
4015
In base 10, what is 2080 + -2?
2078
In base 11, what is -2 + 67?
65
In base 7, what is -2212 + 5?
-2204
In base 10, what is 3 + 671?
674
In base 12, what is 14 + -7?
9
In base 3, what is 2210 - -201?
10111
In base 5, what is 442130 + 10?
442140
In base 13, what is -10 - 234?
-244
In base 12, what is -1 - -4a?
49
In base 10, what is 102 + 1?
103
In base 14, what is 3 + -62?
-5d
In base 3, what is -20010220 + -1?
-20010221
In base 11, what is 46 - -5?
50
In base 4, what is 3212 - -11?
3223
In base 9, what is -5 + -8?
-14
In base 8, what is 345 - -11?
356
In base 2, what is -11 + 100110001?
100101110
In base 16, what is a + 16?
20
In base 7, what is 520 - -121?
641
In base 11, what is -194 + -20?
-204
In base 6, what is 50434 + 1?
50435
In base 14, what is 1 + -1ab?
-1aa
In base 7, what is -2 - -111?
106
In base 8, what is -62 - -4?
-56
In base 9, what is 3 + -437?
-434
In base 2, what is 1011 + -11001?
-1110
In base 9, what is 0 + 7?
7
In base 8, what is -2 + 450?
446
In base 9, what is -150 + -35?
-185
In base 8, what is 22 - -1?
23
In base 5, what is 3 - -13?
21
In base 7, what is 2 + 451?
453
In base 10, what is -5 - 329?
-334
In base 13, what is -12 - -2?
-10
In base 14, what is -5 + -2b?
-32
In base 8, what is -217 - -126?
-71
In base 7, what is -362 + 5?
-354
In base 5, what is 104 + 113?
222
In base 2, what is -11000110101 + 11?
-11000110010
In base 5, what is -303 - 1?
-304
In base 11, what is -2 + 165?
163
In base 2, what is -1 - 110111?
-111000
In base 14, what is 4 - -9?
d
In base 12, what is 7 - 34?
-29
In base 4, what is -101 + -1221?
-1322
In base 9, what is -18 + 3?
-15
In base 12, what is 2 - 457?
-455
In base 6, what is 140 + 0?
140
In base 4, what is 1021 - 131?
230
In base 16, what is eb - -1?
ec
In base 5, what is -2 - -20201?
20144
In base 5, what is 22 + -101?
-24
In base 2, what is -110 - -111000?
110010
In base 2, what is 11100 + -1011?
10001
In base 11, what is 1 - -12a?
130
In base 2, what is -11 + 101010?
100111
In base 4, what is -2 - -113210?
113202
In base 5, what is 2 - 230?
-223
In base 13, what is c1 - -2?
c3
In base 13, what is 102 - 1?
101
In base 7, what is -2110 + 3?
-2104
In base 7, what is -1 + 3126?
3125
In base 2, wh